 is the highest common divisor of d and b?
8
Suppose 428 = 5*h + 2*a, -2*h - 2*a + 180 = a. What is the highest common divisor of 14 and h?
14
Let x be (6 - -1)/(1/(-3)). Let l = -13 - x. What is the highest common divisor of l and 16?
8
Let v = 92 - 36. What is the greatest common factor of v and 14?
14
Let l(u) = u**3 - 5*u**2 - 5*u - 3. Let b be l(6). Suppose 4*d = b*d + 16. What is the highest common divisor of d and 176?
16
Let s = -6 + 7. Let n be (1/(-2))/(s/(-168)). Calculate the greatest common factor of 12 and n.
12
Suppose 4*k + 3*n + 0*n - 28 = 0, 2*n = -k + 12. Let t be k/(-18) + 112/18. Suppose 0 = 2*c - c - 48. What is the greatest common divisor of c and t?
6
Let k be (-237)/(-5) + (-2)/5. Suppose 0 = 2*y - 7*y + 2*u + k, -y + 5*u = 9. Let w be -5*((-2)/1 + -9). Calculate the greatest common divisor of y and w.
11
Suppose -4*u + 87 = 3. Let c be (-29 + -1)/(-2) - 1. Calculate the greatest common factor of c and u.
7
Suppose -3*i - 4*d + 52 = i, 0 = -4*d - 8. Suppose 0*m - m = -c + 7, 4*c - 21 = -3*m. What is the greatest common divisor of i and c?
3
Let z(m) = 5*m**2 + m. Let d be z(-2). What is the greatest common factor of d and 54?
18
Suppose v + 0 - 27 = -o, -4*o + 117 = v. Let t = 20 + o. Suppose -4 - 6 = 2*n - 5*g, 3*n - 19 = -g. What is the greatest common divisor of t and n?
5
Let a = -12 - -14. Suppose -5*u + 54 = -a*u. What is the greatest common factor of 2 and u?
2
Let d(a) = a**2 + 6*a + 13. Let c be d(-7). Calculate the greatest common divisor of c and 100.
20
Let j = -104 - -130. What is the greatest common factor of 2 and j?
2
Let z = -3 + 7. Suppose 3*r - 26 = z. Calculate the highest common divisor of 10 and r.
10
Suppose -d = -2*t - 19, d + 4*t + 29 = 2*d. Calculate the highest common factor of 3 and d.
3
Let o = -40 - -56. Suppose 0 = -h + 8*k - 3*k - 13, -4*k + o = 0. Calculate the highest common divisor of h and 28.
7
Let i(u) = -u**2 - 12*u + 26. Let h be i(-13). Let x = 16 + 11. Let p = x - h. Calculate the greatest common divisor of p and 35.
7
Let q be 11 - 2/4*2. Let l(y) = -2*y + 16. Let n be l(7). Calculate the highest common divisor of n and q.
2
Let d(g) = 7*g - 78. Let c be d(18). Let t(b) = -b**3 + b**2 - b + 6. Let n be t(0). What is the greatest common factor of n and c?
6
Let q = 78 - 38. Suppose -2*k = -w + 12, 4*w - 2*k - 24 = -0*k. Suppose 0*a = w*a - q. Calculate the greatest common divisor of a and 90.
10
Let h(q) = q**3 - 2*q**2 - 3*q + 5. Let x be h(4). Calculate the highest common factor of 5 and x.
5
Suppose 3 = 3*h - 3. Suppose 5*x - 28 = -h*d + 6, 0 = d + 3*x - 15. Calculate the highest common divisor of 3 and d.
3
Let b(m) = m**2 + 7*m + 5. Let k be b(-6). Let t be (-1)/(k + 40/44). What is the highest common divisor of 121 and t?
11
Let n = 33 + -28. Calculate the highest common divisor of n and 30.
5
Let q be (-2)/4*(-7 + 19). Let m be (-40)/12*q/5. Let t(h) = h. Let b be t(4). What is the highest common divisor of m and b?
4
Let b(f) = 2*f**2 + 8*f + 10. Let y be b(-5). Calculate the greatest common divisor of 40 and y.
20
Suppose 0 = d + d - 32. Calculate the greatest common divisor of 24 and d.
8
Suppose 75 = 5*m - 0*m. What is the greatest common factor of 10 and m?
5
Let w(a) = -4*a + 2. Let t be w(-8). What is the greatest common factor of t and 85?
17
Let l = 12 - 8. Calculate the highest common factor of l and 1.
1
Let m(q) = -5*q - 17. Let n be m(-7). What is the highest common factor of 144 and n?
18
Suppose -7*g + 383 - 33 = 0. Calculate the greatest common factor of g and 75.
25
Suppose 0 = 2*g - 1 - 1. Suppose 0 = -2*z - g + 5. Suppose -2*m - z*b + 5*b + 20 = 0, 0 = 5*m - 4*b - 57. What is the highest common factor of m and 52?
13
Suppose 5*b = 4*i + 308, -2*i + 5*i - 73 = -b. What is the highest common divisor of 16 and b?
16
Suppose -207 = -5*q + 213. What is the highest common factor of 12 and q?
12
Let n = -624 - -639. Suppose -5*h - 3 = -2*h. Let d(o) = -3*o. Let w be d(h). What is the highest common factor of w and n?
3
Suppose -l = -4*v + 2*l + 34, v = 3*l + 13. What is the greatest common divisor of 35 and v?
7
Suppose -y = -4*y + 336. Suppose -u - 3*u = -y. What is the highest common divisor of u and 7?
7
Let b(t) = -2*t + 1. Let v be b(-2). Suppose -16 = -5*g + g. Suppose 15 = g*u - 3*u. Calculate the greatest common factor of v and u.
5
Let g(t) = t**3 + 2*t**2 - 1. Let a be 1 + 0 - 0/(-3). Let x be g(a). Suppose x + 0 = o - n, 4*o - n = 23. What is the greatest common factor of o and 7?
7
Let c = 139 + -94. Let n(q) = -q**2 - 11*q + 12. Let p be n(-9). What is the greatest common divisor of c and p?
15
Let u(l) = l**3 - 9*l**2 - 11*l + 14. Let w be u(10). Calculate the greatest common divisor of w and 10.
2
Let n(t) = 0*t**2 + 4 - 2 + t**2 + 2*t + 0. Let c be n(-2). Suppose -2*r + 184 = c*r. Calculate the greatest common divisor of 23 and r.
23
Suppose -2 = -a - 0*a. Suppose o + a = -3*h + 8*h, 0 = -5*h + 5. Suppose 4*g - o*b - 52 = -b, g - 22 = 5*b. Calculate the greatest common divisor of g and 108.
12
Let i(a) = 8*a - 13. Let d be i(11). Let n = -33 + d. Calculate the highest common factor of n and 14.
14
Suppose 0 = 3*z + 9 + 27. Let n = 6 + z. Let t = n + 12. Calculate the greatest common factor of t and 48.
6
Let z be (-13)/((-2)/(-4*1)*-2). What is the highest common factor of z and 91?
13
Let w(j) = j**3 + j. Let q be w(1). Suppose 2*i = -2*s + 394, 0*s = q*s - 5*i - 401. Calculate the greatest common divisor of s and 18.
18
Let h(i) be the second derivative of -i**5/20 + 2*i**4/3 + i**3/3 + 7*i. Let r be h(6). Calculate the greatest common factor of r and 56.
28
Let a(p) = 4*p + 20. Let u be a(-3). Calculate the highest common factor of 8 and u.
8
Let o be 4/6*-21*-6. What is the greatest common divisor of o and 12?
12
Let k(n) = n**3 + 6*n**2 - 10*n - 10. Let i be k(-6). What is the greatest common factor of i and 20?
10
Let m be -1 + (-2 - -28)/2. Let h be -1 - -3 - (-1 + -1). Let c be 130 + h/(-6)*-3. What is the highest common factor of c and m?
12
Suppose 5*w - 20 = -10. Calculate the greatest common divisor of 2 and w.
2
Suppose 0 = -x + q + 59, 4*q = 2*x - 106 - 6. Suppose -3*r - s = -180, 58 + x = 2*r - 4*s. Calculate the highest common factor of r and 15.
15
Let z = 2 - -2. Suppose z*q = -v + 35, 0 = -4*v - q - q + 140. What is the greatest common factor of v and 14?
7
Let h = 45 + -29. Calculate the highest common factor of h and 96.
16
Let o be -4 + 11 - (-1 - -2). Calculate the highest common divisor of o and 24.
6
Let n(u) = -u**3 + 27*u**2 + 5*u - 3. Let a be n(27). What is the greatest common divisor of a and 33?
33
Let l be 25/(-10)*(-10 + 0). Calculate the highest common factor of l and 225.
25
Let b(x) = -x**3 - 7*x**2 + 7*x - 6. Let j be b(-8). Suppose -3*o - 4*p = j*o - 75, -o + 15 = p. Calculate the greatest common factor of 15 and o.
15
Suppose 3*f = 8*f - 130. Calculate the greatest common divisor of 26 and f.
26
Suppose u + 5 - 25 = 0. Suppose -2*x + 26 = -4*g, x - 7 - 14 = 4*g. Calculate the greatest common divisor of x and u.
5
Let y be 5/(-25) + 1/5. Suppose 18 = 2*r - y*r. What is the highest common factor of 9 and r?
9
Let l(i) = -15*i - 12. Suppose -12 = d + 2*d - c, -2*c + 4 = -d. Let t be l(d). Calculate the highest common factor of t and 6.
6
Suppose 0 - 52 = 2*d. Let y = -9 - d. Calculate the greatest common factor of y and 153.
17
Let w(p) = p**3 + 5*p**2 - p - 4. Suppose 2*r + 0 + 8 = 0. Let y be w(r). Let c(v) = v + 2. Let f be c(6). What is the highest common factor of y and f?
8
Let x(d) = -104*d**3 - 2*d - 1. Let i be x(-1). Calculate the greatest common factor of i and 15.
15
Let x = 11 - 5. Let l = x + -1. Let s be -2*((-110)/4)/l. Calculate the greatest common factor of 33 and s.
11
Let p(m) = 4*m - 3. Suppose 0 = -2*u + 13 + 1. Let x be p(u). Calculate the highest common factor of 10 and x.
5
Let r be 198/55*(-10)/(-6). Calculate the greatest common divisor of r and 27.
3
Suppose -3 = -3*d + 3. Let c be ((-12)/(-16))/((-2)/(-8)). Suppose 5 = 2*h - v, -v + 0*v = 2*h - c. Calculate the greatest common divisor of d and h.
2
Let r(m) = m**3 + 14*m**2 - 15*m + 20. Let i be r(-15). Suppose 6 + 24 = 3*d. Calculate the highest common factor of d and i.
10
Let u be (-7)/(-28) - ((-669)/12)/1. What is the g